{"id":705,"date":"2024-10-31T07:49:00","date_gmt":"2024-10-31T06:49:00","guid":{"rendered":"http:\/\/piw.walbrzych.pl\/?page_id=705"},"modified":"2025-01-30T07:55:25","modified_gmt":"2025-01-30T06:55:25","slug":"btv","status":"publish","type":"page","link":"http:\/\/piw.walbrzych.pl\/?page_id=705","title":{"rendered":"BTV"},"content":{"rendered":"\n<p class=\"has-text-align-center\"><strong>BTV &#8211; Choroba niebieskiego j\u0119zyka (Bluetongue)<\/strong><\/p>\n\n\n\n<p>Maj\u0105c na uwadze istotne zagro\u017cenie dla hodowli byd\u0142a ze strony nowej jednostki chorobowej jak\u0105 jest Choroba Niebieskiego J\u0119zyka (BTV lub Bluetongue) nie wyst\u0119puj\u0105cej dotychczas na naszym terenie przekazuj\u0119 poni\u017cej informacje.<\/p>\n\n\n\n<p>BTV jest chorob\u0105 zaka\u017an\u0105 choroba prze\u017cuwaczy, zar\u00f3wno domowych jak i dzikich. Zwierz\u0119ta&nbsp; zara\u017caj\u0105 si\u0119&nbsp;&nbsp; poprzez owady k\u0142uj\u0105co-ss\u0105ce z rz\u0119du much\u00f3wek,&nbsp; rodzaju kuczmany&nbsp;<em>(Culicoides)&nbsp;<\/em>oraz poprzez krew lub nasienie.<\/p>\n\n\n\n<p><strong>Choroba nie przenosi si\u0119 na inne gatunki zwierz\u0105t gospodarskich i domowych oraz na ludzi, co oznacza, \u017ce mi\u0119so, mleko, sk\u00f3ry i we\u0142na oraz inne produkty pochodz\u0105ce od prze\u017cuwaczy nie stanowi\u0105 zagro\u017cenia dla ludzi.<\/strong><\/p>\n\n\n\n<p><strong>Na terytorium Polski choroba niebieskiego j\u0119zyka podlega obowi\u0105zkowi zwalczania<\/strong><\/p>\n\n\n\n<p>Objawy &nbsp;choroby u BYD\u0141A<\/p>\n\n\n\n<p>Z uwagi na d\u0142ugi okres wyl\u0119gania choroby objawy kliniczne u byd\u0142a mog\u0105 nie by\u0107 widoczne nawet do 60-80 dnia po zaka\u017ceniu. Jednak\u017ce je\u015bli wyst\u0105pi\u0105, mo\u017cna zaobserwowa\u0107:<\/p>\n\n\n\n<ul><li>gor\u0105czk\u0119,<\/li><li>\u015blinotok,<\/li><li>zaczerwienienie i obrz\u0119k b\u0142ony \u015bluzowej jamy ustnej,<\/li><li>owrzodzenie opuszki z\u0119bowej i niekiedy ko\u0144ca j\u0119zyka,<\/li><li>zapalenie koronki i tworzywa racic, b\u0119d\u0105ce przyczyn\u0105 kulawizny,<\/li><li>u kr\u00f3w mlecznych \u2013 \u0142uszczenie si\u0119 nask\u00f3rka strzyk\u00f3w i tworzenie si\u0119 strup\u00f3w,<\/li><li>ronienia,<\/li><li>rodzenie zdeformowanych ciel\u0105t, przy czym deformacje dotycz\u0105 najcz\u0119\u015bciej g\u0142owy. Na zaka\u017cenie najbardziej podatne s\u0105 p\u0142ody w okresie rozwoju m\u00f3zgu.<\/li><\/ul>\n\n\n\n<p>Objawy &nbsp;choroby u OWIEC<\/p>\n\n\n\n<p>U&nbsp;owiec&nbsp;choroba mo\u017ce przebiega\u0107 od zaka\u017cenia bezobjawowego lub postaci przewlek\u0142ej do nadostrej i ostrej. Mo\u017cna zaobserwowa\u0107 nast\u0119puj\u0105ce objawy kliniczne:<\/p>\n\n\n\n<ul><li>bardzo wysoka temperatura cia\u0142a 41-42<sup>o<\/sup>C,<\/li><li>spadek kondycji, posmutnienie, depresja i utrata mleczno\u015bci,<\/li><li>obrz\u0119k warg, powiek i ma\u0142\u017cowin usznych,<\/li><li>silne zaczerwienienie b\u0142ony \u015bluzowej policzk\u00f3w i jamy nosowej,<\/li><li>drobne wybroczyny pod \u015bluz\u00f3wk\u0105 jamy ustnej i nosowej,<\/li><li>owrzodzenie warg, opuszki z\u0119bowej oraz w niekt\u00f3rych przypadkach j\u0119zyka,<\/li><li>duszno\u015b\u0107, \u015blinotok, obfity wyp\u0142yw z nosa, pocz\u0105tkowo surowiczy, nast\u0119pnie \u015bluzowo-ropny i krwawy,<\/li><li>wymioty mog\u0105ce by\u0107 przyczyn\u0105 zach\u0142ystowego zapalenia p\u0142uc,<\/li><li>przekrwiony, obrz\u0119k\u0142y, siny i wystaj\u0105cy z jamy ustnej j\u0119zyk,<\/li><li>biegunka, ka\u0142 z domieszk\u0105 krwi,<\/li><li>kulawizna jako nast\u0119pstwo zapalenia koronki i tworzywa racic,<\/li><li>mo\u017cliwe zapalenie p\u0142uc i zwyrodnienie mi\u0119\u015bni,<\/li><li>ci\u0119\u017carne samice mog\u0105 rodzi\u0107 martwe lub zdeformowane jagni\u0119ta.<\/li><\/ul>\n\n\n\n<p><strong>Hodowcom prze\u017cuwaczy zaleca si\u0119:<\/strong><\/p>\n\n\n\n<p><strong>\u2013przed zakupem zwierz\u0105t do w\u0142asnej hodowli sprawdzi\u0107 \u017ar\u00f3d\u0142o pochodzenia kupowanych zwierz\u0105t ,<\/strong><\/p>\n\n\n\n<p><strong>\u2013 zapewni\u0107 okresowe wizyty lekarza weterynarii w gospodarstwie<\/strong>,<\/p>\n\n\n\n<p><strong>\u2013 jak najszybciej zg\u0142asza\u0107 lekarzowi weterynarii wszelkie podejrzane objawy kliniczne oraz \u201enienormalne\u201d zachowanie si\u0119 zwierz\u0105t,<\/strong><\/p>\n\n\n\n<p><strong>\u2013 zwalcza\u0107 owady w pomieszczeniach inwentarskich, w kt\u00f3rych przebywaj\u0105 zwierz\u0119ta<\/strong>.<\/p>\n\n\n\n<p><\/p>\n\n\n\n<div class=\"wp-block-image\"><figure class=\"aligncenter size-full\"><a href=\"https:\/\/bip.wetgiw.gov.pl\/bt\/mapa\/\"><img loading=\"lazy\" width=\"524\" height=\"501\" src=\"http:\/\/piw.walbrzych.pl\/wp-content\/uploads\/2025\/01\/btv.png\" alt=\"\" class=\"wp-image-757\" srcset=\"http:\/\/piw.walbrzych.pl\/wp-content\/uploads\/2025\/01\/btv.png 524w, http:\/\/piw.walbrzych.pl\/wp-content\/uploads\/2025\/01\/btv-300x287.png 300w\" sizes=\"(max-width: 524px) 100vw, 524px\" \/><\/a><figcaption><a href=\"https:\/\/bip.wetgiw.gov.pl\/bt\/mapa\/\" target=\"_blank\" rel=\"noreferrer noopener\">https:\/\/bip.wetgiw.gov.pl\/bt\/mapa\/<\/a><\/figcaption><\/figure><\/div>\n\n\n\n<p>Dodatkowe informacje o&nbsp; chorobie dost\u0119pne s\u0105 na stronie G\u0142\u00f3wnego Inspektoratu Weterynarii pod linkiem:<\/p>\n\n\n\n<p><a href=\"https:\/\/www.wetgiw.gov.pl\/nadzor-weterynaryjny\/o-chorobie-niebieskiego-jezyka\">https:\/\/www.wetgiw.gov.pl\/nadzor-weterynaryjny\/o-chorobie-niebieskiego-jezyka<\/a><\/p>\n\n\n\n<p><a href=\"https:\/\/www.wetgiw.gov.pl\/nadzor-weterynaryjny\/zasady-ochrony-przezuwaczy-przed-choroba\">https:\/\/www.wetgiw.gov.pl\/nadzor-weterynaryjny\/zasady-ochrony-przezuwaczy-przed-choroba<\/a><\/p>\n\n\n\n<p><a href=\"https:\/\/piw.powiatlwowecki.pl\/files\/2067_Objawy_choroby.pdf\">https:\/\/piw.powiatlwowecki.pl\/files\/2067_Objawy_choroby.pdf<\/a><\/p>\n","protected":false},"excerpt":{"rendered":"<p>BTV &#8211; Choroba niebieskiego j\u0119zyka (Bluetongue) Maj\u0105c na uwadze istotne zagro\u017cenie dla hodowli byd\u0142a ze strony nowej jednostki chorobowej jak\u0105 jest Choroba Niebieskiego J\u0119zyka (BTV lub Bluetongue) nie wyst\u0119puj\u0105cej dotychczas na naszym terenie przekazuj\u0119 poni\u017cej informacje. BTV jest chorob\u0105 zaka\u017an\u0105 choroba prze\u017cuwaczy, zar\u00f3wno domowych jak i dzikich. Zwierz\u0119ta&nbsp; zara\u017caj\u0105 si\u0119&nbsp;&nbsp; poprzez owady k\u0142uj\u0105co-ss\u0105ce z rz\u0119du [&hellip;]<\/p>\n","protected":false},"author":1,"featured_media":0,"parent":0,"menu_order":0,"comment_status":"closed","ping_status":"closed","template":"","meta":[],"_links":{"self":[{"href":"http:\/\/piw.walbrzych.pl\/index.php?rest_route=\/wp\/v2\/pages\/705"}],"collection":[{"href":"http:\/\/piw.walbrzych.pl\/index.php?rest_route=\/wp\/v2\/pages"}],"about":[{"href":"http:\/\/piw.walbrzych.pl\/index.php?rest_route=\/wp\/v2\/types\/page"}],"author":[{"embeddable":true,"href":"http:\/\/piw.walbrzych.pl\/index.php?rest_route=\/wp\/v2\/users\/1"}],"replies":[{"embeddable":true,"href":"http:\/\/piw.walbrzych.pl\/index.php?rest_route=%2Fwp%2Fv2%2Fcomments&post=705"}],"version-history":[{"count":4,"href":"http:\/\/piw.walbrzych.pl\/index.php?rest_route=\/wp\/v2\/pages\/705\/revisions"}],"predecessor-version":[{"id":759,"href":"http:\/\/piw.walbrzych.pl\/index.php?rest_route=\/wp\/v2\/pages\/705\/revisions\/759"}],"wp:attachment":[{"href":"http:\/\/piw.walbrzych.pl\/index.php?rest_route=%2Fwp%2Fv2%2Fmedia&parent=705"}],"curies":[{"name":"wp","href":"https:\/\/api.w.org\/{rel}","templated":true}]}}